{"id":3757,"date":"2015-05-11T01:03:43","date_gmt":"2015-05-10T23:03:43","guid":{"rendered":"http:\/\/www.montecorno.com\/?page_id=3757"},"modified":"2023-05-14T16:09:03","modified_gmt":"2023-05-14T14:09:03","slug":"pate-di-olive","status":"publish","type":"page","link":"https:\/\/www.montecorno.com\/de\/prodotti-biologici\/pate-di-olive\/","title":{"rendered":"Olivenpaste"},"content":{"rendered":"<p>[vc_row][vc_column width=&#8220;1\/2&#8243;][vc_gallery type=&#8220;image_grid&#8220; images=&#8220;4680&#8243; img_size=&#8220;250&#215;250&#8243;][\/vc_column][vc_column width=&#8220;1\/2&#8243;][vc_column_text]<\/p>\n<p align=\"JUSTIFY\"><strong>Die schwarze Olivenpaste <\/strong> (mittelgrob) hat einen ausgepr\u00e4gten und doch milden Geschmack, duftet nach reifen Oliven, mit einer zarten Nuance von Artischocken.<\/p>\n<p align=\"JUSTIFY\">Ideal als Aufstrich f\u00fcr Bruschette, passt auch sehr gut zu Nudeln.<\/p>\n<p style=\"text-align: left;\" align=\"CENTER\"><b>Zubereitung<\/b><\/p>\n<p align=\"JUSTIFY\">Unsere Olivenpaste besteht aus 90% schwarzen Oliven der Sorte Leccino und 10% der Sorte Frantoio. Die Oliven werden reif geerntet, mehrmals warm gewaschen und dann 5-6 Monate lang in Salzlake gelegt, um ihnen den bitteren Geschmack zu nehmen; dabei wird alle zwei Wochen das Wasser gewechselt.<\/p>\n<p align=\"JUSTIFY\">Dann werden sie erneut gewaschen und entkernt, um anschlie\u00dfend zu einer mittelgroben Paste gehackt zu werden. Es kommt Essig und, falls n\u00f6tig, Salz dazu und als Variante wird die Paste noch mit Peperoncino, Basilikum und Oregano gew\u00fcrzt.<\/p>\n<p align=\"JUSTIFY\">Nun wird die Paste in Gl\u00e4ser gef\u00fcllt und mit dem hauseigenen Oliven\u00f6l Extra Vergine \u00fcbergossen.<\/p>\n<p align=\"JUSTIFY\">F\u00fcr Privatkunden wird die Paste in Beh\u00e4ltern zu <strong>240 Gramm <\/strong> abgef\u00fcllt.<\/p>\n<p align=\"JUSTIFY\">Die Beh\u00e4lter werden pasteurisiert und luftdicht verschlossen.<\/p>\n<p align=\"JUSTIFY\">Trocken und k\u00fchl, abseits von W\u00e4rme- und Lichtquellen lagern. Nach dem \u00d6ffnen im K\u00fchlschrank, mit Zugabe von etwas Oliven\u00f6l aufbewahren.<\/p>\n<p>[\/vc_column_text][\/vc_column][\/vc_row]<\/p>","protected":false},"excerpt":{"rendered":"<p>[vc_row][vc_column width=&#8220;1\/2&#8243;][vc_gallery type=&#8220;image_grid&#8220; images=&#8220;4680&#8243; img_size=&#8220;250&#215;250&#8243;][\/vc_column][vc_column width=&#8220;1\/2&#8243;][vc_column_text] Die schwarze Olivenpaste (mittelgrob) hat einen ausgepr\u00e4gten und doch milden Geschmack, duftet nach reifen Oliven, mit einer zarten Nuance von Artischocken. Ideal als Aufstrich f\u00fcr Bruschette, passt auch sehr gut zu Nudeln. Zubereitung Unsere Olivenpaste besteht aus 90% schwarzen Oliven der Sorte Leccino und 10% der Sorte Frantoio. Die&nbsp;<\/p>\n<p><a class=\"btn btn-style\" href=\"https:\/\/www.montecorno.com\/de\/prodotti-biologici\/pate-di-olive\/\">Continue Reading&#8230;<\/a><\/p>\n","protected":false},"author":1,"featured_media":0,"parent":3393,"menu_order":0,"comment_status":"closed","ping_status":"open","template":"","meta":{"_exactmetrics_skip_tracking":false,"footnotes":""},"class_list":["post-3757","page","type-page","status-publish","hentry"],"yoast_head":"<!-- This site is optimized with the Yoast SEO plugin v28.3 - https:\/\/yoast.com\/product\/yoast-seo-wordpress\/ -->\n<title>Olivenpaste - Azienda Agricola Montecorno Belvedere<\/title>\n<meta name=\"robots\" content=\"index, follow, max-snippet:-1, max-image-preview:large, max-video-preview:-1\" \/>\n<link rel=\"canonical\" href=\"https:\/\/www.montecorno.com\/prodotti-biologici\/pate-di-olive\/\" \/>\n<meta property=\"og:locale\" content=\"de_DE\" \/>\n<meta property=\"og:type\" content=\"article\" \/>\n<meta property=\"og:title\" content=\"Olivenpaste - Azienda Agricola Montecorno Belvedere\" \/>\n<meta property=\"og:description\" content=\"[vc_row][vc_column width=&#8220;1\/2&#8243;][vc_gallery type=&#8220;image_grid&#8220; images=&#8220;4680&#8243; img_size=&#8220;250&#215;250&#8243;][\/vc_column][vc_column width=&#8220;1\/2&#8243;][vc_column_text] Die schwarze Olivenpaste (mittelgrob) hat einen ausgepr\u00e4gten und doch milden Geschmack, duftet nach reifen Oliven, mit einer zarten Nuance von Artischocken. Ideal als Aufstrich f\u00fcr Bruschette, passt auch sehr gut zu Nudeln. Zubereitung Unsere Olivenpaste besteht aus 90% schwarzen Oliven der Sorte Leccino und 10% der Sorte Frantoio. Die&nbsp;Continue Reading...\" \/>\n<meta property=\"og:url\" content=\"https:\/\/www.montecorno.com\/prodotti-biologici\/pate-di-olive\/\" \/>\n<meta property=\"og:site_name\" content=\"Azienda Agricola Montecorno Belvedere\" \/>\n<meta property=\"article:modified_time\" content=\"2023-05-14T14:09:03+00:00\" \/>\n<meta name=\"twitter:label1\" content=\"Gesch\u00e4tzte Lesezeit\" \/>\n\t<meta name=\"twitter:data1\" content=\"1\u00a0Minute\" \/>\n<script type=\"application\/ld+json\" class=\"yoast-schema-graph\">{\"@context\":\"https:\\\/\\\/schema.org\",\"@graph\":[{\"@type\":\"WebPage\",\"@id\":\"https:\\\/\\\/www.montecorno.com\\\/prodotti-biologici\\\/pate-di-olive\\\/\",\"url\":\"https:\\\/\\\/www.montecorno.com\\\/prodotti-biologici\\\/pate-di-olive\\\/\",\"name\":\"Olivenpaste - Azienda Agricola Montecorno Belvedere\",\"isPartOf\":{\"@id\":\"https:\\\/\\\/www.montecorno.com\\\/#website\"},\"primaryImageOfPage\":{\"@id\":\"https:\\\/\\\/www.montecorno.com\\\/prodotti-biologici\\\/pate-di-olive\\\/#primaryimage\"},\"image\":{\"@id\":\"https:\\\/\\\/www.montecorno.com\\\/prodotti-biologici\\\/pate-di-olive\\\/#primaryimage\"},\"thumbnailUrl\":\"http:\\\/\\\/www.montecorno.com\\\/wp-content\\\/uploads\\\/pate_olive.png\",\"datePublished\":\"2015-05-10T23:03:43+00:00\",\"dateModified\":\"2023-05-14T14:09:03+00:00\",\"breadcrumb\":{\"@id\":\"https:\\\/\\\/www.montecorno.com\\\/prodotti-biologici\\\/pate-di-olive\\\/#breadcrumb\"},\"inLanguage\":\"de\",\"potentialAction\":[{\"@type\":\"ReadAction\",\"target\":[\"https:\\\/\\\/www.montecorno.com\\\/prodotti-biologici\\\/pate-di-olive\\\/\"]}]},{\"@type\":\"ImageObject\",\"inLanguage\":\"de\",\"@id\":\"https:\\\/\\\/www.montecorno.com\\\/prodotti-biologici\\\/pate-di-olive\\\/#primaryimage\",\"url\":\"http:\\\/\\\/www.montecorno.com\\\/wp-content\\\/uploads\\\/pate_olive.png\",\"contentUrl\":\"http:\\\/\\\/www.montecorno.com\\\/wp-content\\\/uploads\\\/pate_olive.png\"},{\"@type\":\"BreadcrumbList\",\"@id\":\"https:\\\/\\\/www.montecorno.com\\\/prodotti-biologici\\\/pate-di-olive\\\/#breadcrumb\",\"itemListElement\":[{\"@type\":\"ListItem\",\"position\":1,\"name\":\"Home\",\"item\":\"https:\\\/\\\/www.montecorno.com\\\/\"},{\"@type\":\"ListItem\",\"position\":2,\"name\":\"Prodotti Biologici\",\"item\":\"https:\\\/\\\/www.montecorno.com\\\/prodotti-biologici\\\/\"},{\"@type\":\"ListItem\",\"position\":3,\"name\":\"Pat\u00e8 di olive\"}]},{\"@type\":\"WebSite\",\"@id\":\"https:\\\/\\\/www.montecorno.com\\\/#website\",\"url\":\"https:\\\/\\\/www.montecorno.com\\\/\",\"name\":\"Azienda Agricola Montecorno Belvedere\",\"description\":\"Appartamenti e prodotti del Garda\",\"publisher\":{\"@id\":\"https:\\\/\\\/www.montecorno.com\\\/#organization\"},\"potentialAction\":[{\"@type\":\"SearchAction\",\"target\":{\"@type\":\"EntryPoint\",\"urlTemplate\":\"https:\\\/\\\/www.montecorno.com\\\/?s={search_term_string}\"},\"query-input\":{\"@type\":\"PropertyValueSpecification\",\"valueRequired\":true,\"valueName\":\"search_term_string\"}}],\"inLanguage\":\"de\"},{\"@type\":\"Organization\",\"@id\":\"https:\\\/\\\/www.montecorno.com\\\/#organization\",\"name\":\"Azienda Agricola Montecorno Belvedere\",\"url\":\"https:\\\/\\\/www.montecorno.com\\\/\",\"logo\":{\"@type\":\"ImageObject\",\"inLanguage\":\"de\",\"@id\":\"https:\\\/\\\/www.montecorno.com\\\/#\\\/schema\\\/logo\\\/image\\\/\",\"url\":\"https:\\\/\\\/www.montecorno.com\\\/wp-content\\\/uploads\\\/logo.png\",\"contentUrl\":\"https:\\\/\\\/www.montecorno.com\\\/wp-content\\\/uploads\\\/logo.png\",\"width\":135,\"height\":150,\"caption\":\"Azienda Agricola Montecorno Belvedere\"},\"image\":{\"@id\":\"https:\\\/\\\/www.montecorno.com\\\/#\\\/schema\\\/logo\\\/image\\\/\"}}]}<\/script>\n<!-- \/ Yoast SEO plugin. -->","yoast_head_json":{"title":"Olivenpaste - Azienda Agricola Montecorno Belvedere","robots":{"index":"index","follow":"follow","max-snippet":"max-snippet:-1","max-image-preview":"max-image-preview:large","max-video-preview":"max-video-preview:-1"},"canonical":"https:\/\/www.montecorno.com\/prodotti-biologici\/pate-di-olive\/","og_locale":"de_DE","og_type":"article","og_title":"Olivenpaste - Azienda Agricola Montecorno Belvedere","og_description":"[vc_row][vc_column width=&#8220;1\/2&#8243;][vc_gallery type=&#8220;image_grid&#8220; images=&#8220;4680&#8243; img_size=&#8220;250&#215;250&#8243;][\/vc_column][vc_column width=&#8220;1\/2&#8243;][vc_column_text] Die schwarze Olivenpaste (mittelgrob) hat einen ausgepr\u00e4gten und doch milden Geschmack, duftet nach reifen Oliven, mit einer zarten Nuance von Artischocken. Ideal als Aufstrich f\u00fcr Bruschette, passt auch sehr gut zu Nudeln. Zubereitung Unsere Olivenpaste besteht aus 90% schwarzen Oliven der Sorte Leccino und 10% der Sorte Frantoio. Die&nbsp;Continue Reading...","og_url":"https:\/\/www.montecorno.com\/prodotti-biologici\/pate-di-olive\/","og_site_name":"Azienda Agricola Montecorno Belvedere","article_modified_time":"2023-05-14T14:09:03+00:00","twitter_misc":{"Gesch\u00e4tzte Lesezeit":"1\u00a0Minute"},"schema":{"@context":"https:\/\/schema.org","@graph":[{"@type":"WebPage","@id":"https:\/\/www.montecorno.com\/prodotti-biologici\/pate-di-olive\/","url":"https:\/\/www.montecorno.com\/prodotti-biologici\/pate-di-olive\/","name":"Olivenpaste - Azienda Agricola Montecorno Belvedere","isPartOf":{"@id":"https:\/\/www.montecorno.com\/#website"},"primaryImageOfPage":{"@id":"https:\/\/www.montecorno.com\/prodotti-biologici\/pate-di-olive\/#primaryimage"},"image":{"@id":"https:\/\/www.montecorno.com\/prodotti-biologici\/pate-di-olive\/#primaryimage"},"thumbnailUrl":"http:\/\/www.montecorno.com\/wp-content\/uploads\/pate_olive.png","datePublished":"2015-05-10T23:03:43+00:00","dateModified":"2023-05-14T14:09:03+00:00","breadcrumb":{"@id":"https:\/\/www.montecorno.com\/prodotti-biologici\/pate-di-olive\/#breadcrumb"},"inLanguage":"de","potentialAction":[{"@type":"ReadAction","target":["https:\/\/www.montecorno.com\/prodotti-biologici\/pate-di-olive\/"]}]},{"@type":"ImageObject","inLanguage":"de","@id":"https:\/\/www.montecorno.com\/prodotti-biologici\/pate-di-olive\/#primaryimage","url":"http:\/\/www.montecorno.com\/wp-content\/uploads\/pate_olive.png","contentUrl":"http:\/\/www.montecorno.com\/wp-content\/uploads\/pate_olive.png"},{"@type":"BreadcrumbList","@id":"https:\/\/www.montecorno.com\/prodotti-biologici\/pate-di-olive\/#breadcrumb","itemListElement":[{"@type":"ListItem","position":1,"name":"Home","item":"https:\/\/www.montecorno.com\/"},{"@type":"ListItem","position":2,"name":"Prodotti Biologici","item":"https:\/\/www.montecorno.com\/prodotti-biologici\/"},{"@type":"ListItem","position":3,"name":"Pat\u00e8 di olive"}]},{"@type":"WebSite","@id":"https:\/\/www.montecorno.com\/#website","url":"https:\/\/www.montecorno.com\/","name":"Azienda Agricola Montecorno Belvedere","description":"Appartamenti e prodotti del Garda","publisher":{"@id":"https:\/\/www.montecorno.com\/#organization"},"potentialAction":[{"@type":"SearchAction","target":{"@type":"EntryPoint","urlTemplate":"https:\/\/www.montecorno.com\/?s={search_term_string}"},"query-input":{"@type":"PropertyValueSpecification","valueRequired":true,"valueName":"search_term_string"}}],"inLanguage":"de"},{"@type":"Organization","@id":"https:\/\/www.montecorno.com\/#organization","name":"Azienda Agricola Montecorno Belvedere","url":"https:\/\/www.montecorno.com\/","logo":{"@type":"ImageObject","inLanguage":"de","@id":"https:\/\/www.montecorno.com\/#\/schema\/logo\/image\/","url":"https:\/\/www.montecorno.com\/wp-content\/uploads\/logo.png","contentUrl":"https:\/\/www.montecorno.com\/wp-content\/uploads\/logo.png","width":135,"height":150,"caption":"Azienda Agricola Montecorno Belvedere"},"image":{"@id":"https:\/\/www.montecorno.com\/#\/schema\/logo\/image\/"}}]}},"_links":{"self":[{"href":"https:\/\/www.montecorno.com\/de\/wp-json\/wp\/v2\/pages\/3757","targetHints":{"allow":["GET"]}}],"collection":[{"href":"https:\/\/www.montecorno.com\/de\/wp-json\/wp\/v2\/pages"}],"about":[{"href":"https:\/\/www.montecorno.com\/de\/wp-json\/wp\/v2\/types\/page"}],"author":[{"embeddable":true,"href":"https:\/\/www.montecorno.com\/de\/wp-json\/wp\/v2\/users\/1"}],"replies":[{"embeddable":true,"href":"https:\/\/www.montecorno.com\/de\/wp-json\/wp\/v2\/comments?post=3757"}],"version-history":[{"count":15,"href":"https:\/\/www.montecorno.com\/de\/wp-json\/wp\/v2\/pages\/3757\/revisions"}],"predecessor-version":[{"id":4682,"href":"https:\/\/www.montecorno.com\/de\/wp-json\/wp\/v2\/pages\/3757\/revisions\/4682"}],"up":[{"embeddable":true,"href":"https:\/\/www.montecorno.com\/de\/wp-json\/wp\/v2\/pages\/3393"}],"wp:attachment":[{"href":"https:\/\/www.montecorno.com\/de\/wp-json\/wp\/v2\/media?parent=3757"}],"curies":[{"name":"wp","href":"https:\/\/api.w.org\/{rel}","templated":true}]}}

<p>[vc_row][vc_column width=&#8220;1/2&#8243;][vc_gallery type=&#8220;image_grid&#8220; images=&#8220;4680&#8243; img_size=&#8220;250&#215;250&#8243;][/vc_column][vc_column width=&#8220;1/2&#8243;][vc_column_text]</p>
<p align="JUSTIFY"><strong>Die schwarze Olivenpaste </strong> (mittelgrob) hat einen ausgeprägten und doch milden Geschmack, duftet nach reifen Oliven, mit einer zarten Nuance von Artischocken.</p>
<p align="JUSTIFY">Ideal als Aufstrich für Bruschette, passt auch sehr gut zu Nudeln.</p>
<p style="text-align: left;" align="CENTER"><b>Zubereitung</b></p>
<p align="JUSTIFY">Unsere Olivenpaste besteht aus 90% schwarzen Oliven der Sorte Leccino und 10% der Sorte Frantoio. Die Oliven werden reif geerntet, mehrmals warm gewaschen und dann 5-6 Monate lang in Salzlake gelegt, um ihnen den bitteren Geschmack zu nehmen; dabei wird alle zwei Wochen das Wasser gewechselt.</p>
<p align="JUSTIFY">Dann werden sie erneut gewaschen und entkernt, um anschließend zu einer mittelgroben Paste gehackt zu werden. Es kommt Essig und, falls nötig, Salz dazu und als Variante wird die Paste noch mit Peperoncino, Basilikum und Oregano gewürzt.</p>
<p align="JUSTIFY">Nun wird die Paste in Gläser gefüllt und mit dem hauseigenen Olivenöl Extra Vergine übergossen.</p>
<p align="JUSTIFY">Für Privatkunden wird die Paste in Behältern zu <strong>240 Gramm </strong> abgefüllt.</p>
<p align="JUSTIFY">Die Behälter werden pasteurisiert und luftdicht verschlossen.</p>
<p align="JUSTIFY">Trocken und kühl, abseits von Wärme- und Lichtquellen lagern. Nach dem Öffnen im Kühlschrank, mit Zugabe von etwas Olivenöl aufbewahren.</p>
<p>[/vc_column_text][/vc_column][/vc_row]</p>

<p>[vc_row][vc_column width=&#8220;1/2&#8243;][vc_gallery type=&#8220;image_grid&#8220; images=&#8220;4680&#8243; img_size=&#8220;250&#215;250&#8243;][/vc_column][vc_column width=&#8220;1/2&#8243;][vc_column_text] Die schwarze Olivenpaste (mittelgrob) hat einen ausgeprägten und doch milden Geschmack, duftet nach reifen Oliven, mit einer zarten Nuance von Artischocken. Ideal als Aufstrich für Bruschette, passt auch sehr gut zu Nudeln. Zubereitung Unsere Olivenpaste besteht aus 90% schwarzen Oliven der Sorte Leccino und 10% der Sorte Frantoio. Die&nbsp;</p>
<p><a class="btn btn-style" href="https://www.montecorno.com/de/prodotti-biologici/pate-di-olive/">Continue Reading&#8230;</a></p>

<!-- This site is optimized with the Yoast SEO plugin v28.3 - https://yoast.com/product/yoast-seo-wordpress/ -->
<title>Olivenpaste - Azienda Agricola Montecorno Belvedere</title>
<meta name="robots" content="index, follow, max-snippet:-1, max-image-preview:large, max-video-preview:-1" />
<link rel="canonical" href="https://www.montecorno.com/prodotti-biologici/pate-di-olive/" />
<meta property="og:locale" content="de_DE" />
<meta property="og:type" content="article" />
<meta property="og:title" content="Olivenpaste - Azienda Agricola Montecorno Belvedere" />
<meta property="og:description" content="[vc_row][vc_column width=&#8220;1/2&#8243;][vc_gallery type=&#8220;image_grid&#8220; images=&#8220;4680&#8243; img_size=&#8220;250&#215;250&#8243;][/vc_column][vc_column width=&#8220;1/2&#8243;][vc_column_text] Die schwarze Olivenpaste (mittelgrob) hat einen ausgeprägten und doch milden Geschmack, duftet nach reifen Oliven, mit einer zarten Nuance von Artischocken. Ideal als Aufstrich für Bruschette, passt auch sehr gut zu Nudeln. Zubereitung Unsere Olivenpaste besteht aus 90% schwarzen Oliven der Sorte Leccino und 10% der Sorte Frantoio. Die&nbsp;Continue Reading..." />
<meta property="og:url" content="https://www.montecorno.com/prodotti-biologici/pate-di-olive/" />
<meta property="og:site_name" content="Azienda Agricola Montecorno Belvedere" />
<meta property="article:modified_time" content="2023-05-14T14:09:03+00:00" />
<meta name="twitter:label1" content="Geschätzte Lesezeit" />
	<meta name="twitter:data1" content="1 Minute" />
<script type="application/ld+json" class="yoast-schema-graph">{"@context":"https:\/\/schema.org","@graph":[{"@type":"WebPage","@id":"https:\/\/www.montecorno.com\/prodotti-biologici\/pate-di-olive\/","url":"https:\/\/www.montecorno.com\/prodotti-biologici\/pate-di-olive\/","name":"Olivenpaste - Azienda Agricola Montecorno Belvedere","isPartOf":{"@id":"https:\/\/www.montecorno.com\/#website"},"primaryImageOfPage":{"@id":"https:\/\/www.montecorno.com\/prodotti-biologici\/pate-di-olive\/#primaryimage"},"image":{"@id":"https:\/\/www.montecorno.com\/prodotti-biologici\/pate-di-olive\/#primaryimage"},"thumbnailUrl":"http:\/\/www.montecorno.com\/wp-content\/uploads\/pate_olive.png","datePublished":"2015-05-10T23:03:43+00:00","dateModified":"2023-05-14T14:09:03+00:00","breadcrumb":{"@id":"https:\/\/www.montecorno.com\/prodotti-biologici\/pate-di-olive\/#breadcrumb"},"inLanguage":"de","potentialAction":[{"@type":"ReadAction","target":["https:\/\/www.montecorno.com\/prodotti-biologici\/pate-di-olive\/"]}]},{"@type":"ImageObject","inLanguage":"de","@id":"https:\/\/www.montecorno.com\/prodotti-biologici\/pate-di-olive\/#primaryimage","url":"http:\/\/www.montecorno.com\/wp-content\/uploads\/pate_olive.png","contentUrl":"http:\/\/www.montecorno.com\/wp-content\/uploads\/pate_olive.png"},{"@type":"BreadcrumbList","@id":"https:\/\/www.montecorno.com\/prodotti-biologici\/pate-di-olive\/#breadcrumb","itemListElement":[{"@type":"ListItem","position":1,"name":"Home","item":"https:\/\/www.montecorno.com\/"},{"@type":"ListItem","position":2,"name":"Prodotti Biologici","item":"https:\/\/www.montecorno.com\/prodotti-biologici\/"},{"@type":"ListItem","position":3,"name":"Patè di olive"}]},{"@type":"WebSite","@id":"https:\/\/www.montecorno.com\/#website","url":"https:\/\/www.montecorno.com\/","name":"Azienda Agricola Montecorno Belvedere","description":"Appartamenti e prodotti del Garda","publisher":{"@id":"https:\/\/www.montecorno.com\/#organization"},"potentialAction":[{"@type":"SearchAction","target":{"@type":"EntryPoint","urlTemplate":"https:\/\/www.montecorno.com\/?s={search_term_string}"},"query-input":{"@type":"PropertyValueSpecification","valueRequired":true,"valueName":"search_term_string"}}],"inLanguage":"de"},{"@type":"Organization","@id":"https:\/\/www.montecorno.com\/#organization","name":"Azienda Agricola Montecorno Belvedere","url":"https:\/\/www.montecorno.com\/","logo":{"@type":"ImageObject","inLanguage":"de","@id":"https:\/\/www.montecorno.com\/#\/schema\/logo\/image\/","url":"https:\/\/www.montecorno.com\/wp-content\/uploads\/logo.png","contentUrl":"https:\/\/www.montecorno.com\/wp-content\/uploads\/logo.png","width":135,"height":150,"caption":"Azienda Agricola Montecorno Belvedere"},"image":{"@id":"https:\/\/www.montecorno.com\/#\/schema\/logo\/image\/"}}]}</script>
<!-- / Yoast SEO plugin. -->

[vc_row][vc_column width=&#8220;1/2&#8243;][vc_gallery type=&#8220;image_grid&#8220; images=&#8220;4680&#8243; img_size=&#8220;250&#215;250&#8243;][/vc_column][vc_column width=&#8220;1/2&#8243;][vc_column_text] Die schwarze Olivenpaste (mittelgrob) hat einen ausgeprägten und doch milden Geschmack, duftet nach reifen Oliven, mit einer zarten Nuance von Artischocken. Ideal als Aufstrich für Bruschette, passt auch sehr gut zu Nudeln. Zubereitung Unsere Olivenpaste besteht aus 90% schwarzen Oliven der Sorte Leccino und 10% der Sorte Frantoio. Die&nbsp;Continue Reading...

Patè di olive
