{"id":3291,"date":"2015-03-09T23:01:40","date_gmt":"2015-03-09T22:01:40","guid":{"rendered":"http:\/\/www.montecorno.com\/?page_id=3291"},"modified":"2024-03-12T20:03:48","modified_gmt":"2024-03-12T19:03:48","slug":"trilocale-olivi-lago","status":"publish","type":"page","link":"https:\/\/www.montecorno.com\/de\/appartamenti\/trilocale-olivi-lago\/","title":{"rendered":"WOHNUNG OLIVEN und SEE"},"content":{"rendered":"<p>[vc_row][vc_column][rev_slider_vc alias=&#8220;Slider_app_olivilago_ln&#8220;][\/vc_column][\/vc_row][vc_row][vc_column][vc_column_text]<em>Wohnlich, gem\u00fctlich.<\/em><\/p>\n<p>Von der wie ein gro\u00dfes Wohnzimmer eingerichteten Loggia genie\u00dft man den Ausblick auf den Olivenhain; alle Fenster blicken hingegen auf die Felder und den See. Die gro\u00dfz\u00fcgig angelegten R\u00e4ume schaffen eine gem\u00fctliche und behagliche Atmosph\u00e4re.<\/p>\n<p>Dreizimmerwohnung 70 m\u00b2, im 1. Stock<\/p>\n<ul>\n<li>voll ausgestAttete K\u00fcche und Livingroom mit Zugang zur Loggia<\/li>\n<li>Gang zum Schlafbereich<\/li>\n<li>Doppelzimmer<\/li>\n<li>Schlafzimmer mit 3 Einzelbetten oder mit 1Doppelbett und 1 Einzelbett<\/li>\n<li>Badezimmer mit Badewanne<\/li>\n<\/ul>\n<p>[\/vc_column_text][vc_button2 title=&#8220;Jetzt buchen!&#8220; align=&#8220;center&#8220; style=&#8220;3d&#8220; color=&#8220;green&#8220; size=&#8220;lg&#8220; link=&#8220;url:http%3A%2F%2Fwww.montecorno.com%2Fde%2Fprenotazione-appartamento-olivi-lago%2F|title:Prenotazione%20Appartamento%20Olivi%20e%20Lago|&#8220;][vc_empty_space][vc_gallery type=&#8220;image_grid&#8220; images=&#8220;3418,3416,3417,3415,3414,3413,3419&#8243; img_size=&#8220;250&#8243;][\/vc_column][\/vc_row][vc_row][vc_column width=&#8220;1\/2&#8243;]<div class=\"pricing featured\"><div class=\"pricing-plan\"><h3 class=\"plan-title\">NEBENSAISON<\/h3><span class=\"plan-price\">\u20ac 110<span class=\"duration\">pro Nacht<\/span><\/span><div class=\"plan-details\"><\/p>\n<ul>\n<li>Rabatt f\u00fcr Buchungen von mindestens einer Woche<\/li>\n<li>Der Preis beinhaltet den regelm\u00e4\u00dfigen W\u00e4schewechsel und gilt f\u00fcr maximal 4 Personen.<\/li>\n<li>Der Preis beinhaltet keine Heizung.<\/div><div class=\"plan-action\"><a href=\"http:\/\/www.montecorno.com\/de\/prenotazione-appartamento-olivi-lago\/\" class=\"btn btn-primary btn-pricing\">Jetzt buchen!<\/a><\/div><\/div><\/div>[\/vc_column][vc_column width=&#8220;1\/2&#8243;]<div class=\"pricing featured\"><div class=\"pricing-plan\"><h3 class=\"plan-title\">HOCHSAISON<\/h3><span class=\"plan-price\">\u20ac 120<span class=\"duration\">pro Nacht<\/span><\/span><div class=\"plan-details\"><\/li>\n<\/ul>\n<ul>\n<li>Rabatt f\u00fcr Buchungen von mindestens einer Woche<\/li>\n<li>Der Preis beinhaltet den regelm\u00e4\u00dfigen W\u00e4schewechsel und gilt f\u00fcr maximal 4 Personen.<\/li>\n<li>Der Preis beinhaltet keine Heizung.<\/div><div class=\"plan-action\"><a href=\"http:\/\/www.montecorno.com\/de\/prenotazione-appartamento-olivi-lago\/\" class=\"btn btn-primary btn-pricing\">Jetzt buchen!<\/a><\/div><\/div><\/div>[\/vc_column][\/vc_row]<\/li>\n<\/ul>\n<p><\/p>","protected":false},"excerpt":{"rendered":"<p>[vc_row][vc_column][rev_slider_vc alias=&#8220;Slider_app_olivilago_ln&#8220;][\/vc_column][\/vc_row][vc_row][vc_column][vc_column_text]Wohnlich, gem\u00fctlich. Von der wie ein gro\u00dfes Wohnzimmer eingerichteten Loggia genie\u00dft man den Ausblick auf den Olivenhain; alle Fenster blicken hingegen auf die Felder und den See. Die gro\u00dfz\u00fcgig angelegten R\u00e4ume schaffen eine gem\u00fctliche und behagliche Atmosph\u00e4re. Dreizimmerwohnung 70 m\u00b2, im 1. Stock voll ausgestAttete K\u00fcche und Livingroom mit Zugang zur Loggia Gang zum&nbsp;<\/p>\n<p><a class=\"btn btn-style\" href=\"https:\/\/www.montecorno.com\/de\/appartamenti\/trilocale-olivi-lago\/\">Continue Reading&#8230;<\/a><\/p>\n","protected":false},"author":1,"featured_media":0,"parent":3227,"menu_order":0,"comment_status":"closed","ping_status":"open","template":"","meta":{"_exactmetrics_skip_tracking":false,"footnotes":""},"class_list":["post-3291","page","type-page","status-publish","hentry"],"yoast_head":"<!-- This site is optimized with the Yoast SEO plugin v28.3 - https:\/\/yoast.com\/product\/yoast-seo-wordpress\/ -->\n<title>WOHNUNG OLIVEN und SEE - Azienda Agricola Montecorno Belvedere<\/title>\n<meta name=\"robots\" content=\"index, follow, max-snippet:-1, max-image-preview:large, max-video-preview:-1\" \/>\n<link rel=\"canonical\" href=\"https:\/\/www.montecorno.com\/appartamenti\/trilocale-olivi-lago\/\" \/>\n<meta property=\"og:locale\" content=\"de_DE\" \/>\n<meta property=\"og:type\" content=\"article\" \/>\n<meta property=\"og:title\" content=\"WOHNUNG OLIVEN und SEE - Azienda Agricola Montecorno Belvedere\" \/>\n<meta property=\"og:description\" content=\"[vc_row][vc_column][rev_slider_vc alias=&#8220;Slider_app_olivilago_ln&#8220;][\/vc_column][\/vc_row][vc_row][vc_column][vc_column_text]Wohnlich, gem\u00fctlich. Von der wie ein gro\u00dfes Wohnzimmer eingerichteten Loggia genie\u00dft man den Ausblick auf den Olivenhain; alle Fenster blicken hingegen auf die Felder und den See. Die gro\u00dfz\u00fcgig angelegten R\u00e4ume schaffen eine gem\u00fctliche und behagliche Atmosph\u00e4re. Dreizimmerwohnung 70 m\u00b2, im 1. Stock voll ausgestAttete K\u00fcche und Livingroom mit Zugang zur Loggia Gang zum&nbsp;Continue Reading...\" \/>\n<meta property=\"og:url\" content=\"https:\/\/www.montecorno.com\/appartamenti\/trilocale-olivi-lago\/\" \/>\n<meta property=\"og:site_name\" content=\"Azienda Agricola Montecorno Belvedere\" \/>\n<meta property=\"article:modified_time\" content=\"2024-03-12T19:03:48+00:00\" \/>\n<meta name=\"twitter:label1\" content=\"Gesch\u00e4tzte Lesezeit\" \/>\n\t<meta name=\"twitter:data1\" content=\"1\u00a0Minute\" \/>\n<script type=\"application\/ld+json\" class=\"yoast-schema-graph\">{\"@context\":\"https:\\\/\\\/schema.org\",\"@graph\":[{\"@type\":\"WebPage\",\"@id\":\"https:\\\/\\\/www.montecorno.com\\\/appartamenti\\\/trilocale-olivi-lago\\\/\",\"url\":\"https:\\\/\\\/www.montecorno.com\\\/appartamenti\\\/trilocale-olivi-lago\\\/\",\"name\":\"WOHNUNG OLIVEN und SEE - Azienda Agricola Montecorno Belvedere\",\"isPartOf\":{\"@id\":\"https:\\\/\\\/www.montecorno.com\\\/#website\"},\"datePublished\":\"2015-03-09T22:01:40+00:00\",\"dateModified\":\"2024-03-12T19:03:48+00:00\",\"breadcrumb\":{\"@id\":\"https:\\\/\\\/www.montecorno.com\\\/appartamenti\\\/trilocale-olivi-lago\\\/#breadcrumb\"},\"inLanguage\":\"de\",\"potentialAction\":[{\"@type\":\"ReadAction\",\"target\":[\"https:\\\/\\\/www.montecorno.com\\\/appartamenti\\\/trilocale-olivi-lago\\\/\"]}]},{\"@type\":\"BreadcrumbList\",\"@id\":\"https:\\\/\\\/www.montecorno.com\\\/appartamenti\\\/trilocale-olivi-lago\\\/#breadcrumb\",\"itemListElement\":[{\"@type\":\"ListItem\",\"position\":1,\"name\":\"Home\",\"item\":\"https:\\\/\\\/www.montecorno.com\\\/\"},{\"@type\":\"ListItem\",\"position\":2,\"name\":\"Appartamenti\",\"item\":\"https:\\\/\\\/www.montecorno.com\\\/appartamenti\\\/\"},{\"@type\":\"ListItem\",\"position\":3,\"name\":\"APPARTAMENTO OLIVI E LAGO\"}]},{\"@type\":\"WebSite\",\"@id\":\"https:\\\/\\\/www.montecorno.com\\\/#website\",\"url\":\"https:\\\/\\\/www.montecorno.com\\\/\",\"name\":\"Azienda Agricola Montecorno Belvedere\",\"description\":\"Appartamenti e prodotti del Garda\",\"publisher\":{\"@id\":\"https:\\\/\\\/www.montecorno.com\\\/#organization\"},\"potentialAction\":[{\"@type\":\"SearchAction\",\"target\":{\"@type\":\"EntryPoint\",\"urlTemplate\":\"https:\\\/\\\/www.montecorno.com\\\/?s={search_term_string}\"},\"query-input\":{\"@type\":\"PropertyValueSpecification\",\"valueRequired\":true,\"valueName\":\"search_term_string\"}}],\"inLanguage\":\"de\"},{\"@type\":\"Organization\",\"@id\":\"https:\\\/\\\/www.montecorno.com\\\/#organization\",\"name\":\"Azienda Agricola Montecorno Belvedere\",\"url\":\"https:\\\/\\\/www.montecorno.com\\\/\",\"logo\":{\"@type\":\"ImageObject\",\"inLanguage\":\"de\",\"@id\":\"https:\\\/\\\/www.montecorno.com\\\/#\\\/schema\\\/logo\\\/image\\\/\",\"url\":\"https:\\\/\\\/www.montecorno.com\\\/wp-content\\\/uploads\\\/logo.png\",\"contentUrl\":\"https:\\\/\\\/www.montecorno.com\\\/wp-content\\\/uploads\\\/logo.png\",\"width\":135,\"height\":150,\"caption\":\"Azienda Agricola Montecorno Belvedere\"},\"image\":{\"@id\":\"https:\\\/\\\/www.montecorno.com\\\/#\\\/schema\\\/logo\\\/image\\\/\"}}]}<\/script>\n<!-- \/ Yoast SEO plugin. -->","yoast_head_json":{"title":"WOHNUNG OLIVEN und SEE - Azienda Agricola Montecorno Belvedere","robots":{"index":"index","follow":"follow","max-snippet":"max-snippet:-1","max-image-preview":"max-image-preview:large","max-video-preview":"max-video-preview:-1"},"canonical":"https:\/\/www.montecorno.com\/appartamenti\/trilocale-olivi-lago\/","og_locale":"de_DE","og_type":"article","og_title":"WOHNUNG OLIVEN und SEE - Azienda Agricola Montecorno Belvedere","og_description":"[vc_row][vc_column][rev_slider_vc alias=&#8220;Slider_app_olivilago_ln&#8220;][\/vc_column][\/vc_row][vc_row][vc_column][vc_column_text]Wohnlich, gem\u00fctlich. Von der wie ein gro\u00dfes Wohnzimmer eingerichteten Loggia genie\u00dft man den Ausblick auf den Olivenhain; alle Fenster blicken hingegen auf die Felder und den See. Die gro\u00dfz\u00fcgig angelegten R\u00e4ume schaffen eine gem\u00fctliche und behagliche Atmosph\u00e4re. Dreizimmerwohnung 70 m\u00b2, im 1. Stock voll ausgestAttete K\u00fcche und Livingroom mit Zugang zur Loggia Gang zum&nbsp;Continue Reading...","og_url":"https:\/\/www.montecorno.com\/appartamenti\/trilocale-olivi-lago\/","og_site_name":"Azienda Agricola Montecorno Belvedere","article_modified_time":"2024-03-12T19:03:48+00:00","twitter_misc":{"Gesch\u00e4tzte Lesezeit":"1\u00a0Minute"},"schema":{"@context":"https:\/\/schema.org","@graph":[{"@type":"WebPage","@id":"https:\/\/www.montecorno.com\/appartamenti\/trilocale-olivi-lago\/","url":"https:\/\/www.montecorno.com\/appartamenti\/trilocale-olivi-lago\/","name":"WOHNUNG OLIVEN und SEE - Azienda Agricola Montecorno Belvedere","isPartOf":{"@id":"https:\/\/www.montecorno.com\/#website"},"datePublished":"2015-03-09T22:01:40+00:00","dateModified":"2024-03-12T19:03:48+00:00","breadcrumb":{"@id":"https:\/\/www.montecorno.com\/appartamenti\/trilocale-olivi-lago\/#breadcrumb"},"inLanguage":"de","potentialAction":[{"@type":"ReadAction","target":["https:\/\/www.montecorno.com\/appartamenti\/trilocale-olivi-lago\/"]}]},{"@type":"BreadcrumbList","@id":"https:\/\/www.montecorno.com\/appartamenti\/trilocale-olivi-lago\/#breadcrumb","itemListElement":[{"@type":"ListItem","position":1,"name":"Home","item":"https:\/\/www.montecorno.com\/"},{"@type":"ListItem","position":2,"name":"Appartamenti","item":"https:\/\/www.montecorno.com\/appartamenti\/"},{"@type":"ListItem","position":3,"name":"APPARTAMENTO OLIVI E LAGO"}]},{"@type":"WebSite","@id":"https:\/\/www.montecorno.com\/#website","url":"https:\/\/www.montecorno.com\/","name":"Azienda Agricola Montecorno Belvedere","description":"Appartamenti e prodotti del Garda","publisher":{"@id":"https:\/\/www.montecorno.com\/#organization"},"potentialAction":[{"@type":"SearchAction","target":{"@type":"EntryPoint","urlTemplate":"https:\/\/www.montecorno.com\/?s={search_term_string}"},"query-input":{"@type":"PropertyValueSpecification","valueRequired":true,"valueName":"search_term_string"}}],"inLanguage":"de"},{"@type":"Organization","@id":"https:\/\/www.montecorno.com\/#organization","name":"Azienda Agricola Montecorno Belvedere","url":"https:\/\/www.montecorno.com\/","logo":{"@type":"ImageObject","inLanguage":"de","@id":"https:\/\/www.montecorno.com\/#\/schema\/logo\/image\/","url":"https:\/\/www.montecorno.com\/wp-content\/uploads\/logo.png","contentUrl":"https:\/\/www.montecorno.com\/wp-content\/uploads\/logo.png","width":135,"height":150,"caption":"Azienda Agricola Montecorno Belvedere"},"image":{"@id":"https:\/\/www.montecorno.com\/#\/schema\/logo\/image\/"}}]}},"_links":{"self":[{"href":"https:\/\/www.montecorno.com\/de\/wp-json\/wp\/v2\/pages\/3291","targetHints":{"allow":["GET"]}}],"collection":[{"href":"https:\/\/www.montecorno.com\/de\/wp-json\/wp\/v2\/pages"}],"about":[{"href":"https:\/\/www.montecorno.com\/de\/wp-json\/wp\/v2\/types\/page"}],"author":[{"embeddable":true,"href":"https:\/\/www.montecorno.com\/de\/wp-json\/wp\/v2\/users\/1"}],"replies":[{"embeddable":true,"href":"https:\/\/www.montecorno.com\/de\/wp-json\/wp\/v2\/comments?post=3291"}],"version-history":[{"count":31,"href":"https:\/\/www.montecorno.com\/de\/wp-json\/wp\/v2\/pages\/3291\/revisions"}],"predecessor-version":[{"id":4738,"href":"https:\/\/www.montecorno.com\/de\/wp-json\/wp\/v2\/pages\/3291\/revisions\/4738"}],"up":[{"embeddable":true,"href":"https:\/\/www.montecorno.com\/de\/wp-json\/wp\/v2\/pages\/3227"}],"wp:attachment":[{"href":"https:\/\/www.montecorno.com\/de\/wp-json\/wp\/v2\/media?parent=3291"}],"curies":[{"name":"wp","href":"https:\/\/api.w.org\/{rel}","templated":true}]}}

<p>[vc_row][vc_column][rev_slider_vc alias=&#8220;Slider_app_olivilago_ln&#8220;][/vc_column][/vc_row][vc_row][vc_column][vc_column_text]<em>Wohnlich, gemütlich.</em></p>
<p>Von der wie ein großes Wohnzimmer eingerichteten Loggia genießt man den Ausblick auf den Olivenhain; alle Fenster blicken hingegen auf die Felder und den See. Die großzügig angelegten Räume schaffen eine gemütliche und behagliche Atmosphäre.</p>
<p>Dreizimmerwohnung 70 m², im 1. Stock</p>
<ul>
<li>voll ausgestAttete Küche und Livingroom mit Zugang zur Loggia</li>
<li>Gang zum Schlafbereich</li>
<li>Doppelzimmer</li>
<li>Schlafzimmer mit 3 Einzelbetten oder mit 1Doppelbett und 1 Einzelbett</li>
<li>Badezimmer mit Badewanne</li>
</ul>
<p>[/vc_column_text][vc_button2 title=&#8220;Jetzt buchen!&#8220; align=&#8220;center&#8220; style=&#8220;3d&#8220; color=&#8220;green&#8220; size=&#8220;lg&#8220; link=&#8220;url:http%3A%2F%2Fwww.montecorno.com%2Fde%2Fprenotazione-appartamento-olivi-lago%2F|title:Prenotazione%20Appartamento%20Olivi%20e%20Lago|&#8220;][vc_empty_space][vc_gallery type=&#8220;image_grid&#8220; images=&#8220;3418,3416,3417,3415,3414,3413,3419&#8243; img_size=&#8220;250&#8243;][/vc_column][/vc_row][vc_row][vc_column width=&#8220;1/2&#8243;]<div class="pricing featured"><div class="pricing-plan"><h3 class="plan-title">NEBENSAISON</h3><span class="plan-price">€ 110<span class="duration">pro Nacht</span></span><div class="plan-details"></p>
<ul>
<li>Rabatt für Buchungen von mindestens einer Woche</li>
<li>Der Preis beinhaltet den regelmäßigen Wäschewechsel und gilt für maximal 4 Personen.</li>
<li>Der Preis beinhaltet keine Heizung.</div><div class="plan-action"><a href="http://www.montecorno.com/de/prenotazione-appartamento-olivi-lago/" class="btn btn-primary btn-pricing">Jetzt buchen!</a></div></div></div>[/vc_column][vc_column width=&#8220;1/2&#8243;]<div class="pricing featured"><div class="pricing-plan"><h3 class="plan-title">HOCHSAISON</h3><span class="plan-price">€ 120<span class="duration">pro Nacht</span></span><div class="plan-details"></li>
</ul>
<ul>
<li>Rabatt für Buchungen von mindestens einer Woche</li>
<li>Der Preis beinhaltet den regelmäßigen Wäschewechsel und gilt für maximal 4 Personen.</li>
<li>Der Preis beinhaltet keine Heizung.</div><div class="plan-action"><a href="http://www.montecorno.com/de/prenotazione-appartamento-olivi-lago/" class="btn btn-primary btn-pricing">Jetzt buchen!</a></div></div></div>[/vc_column][/vc_row]</li>
</ul>
<p></p>

<p>[vc_row][vc_column][rev_slider_vc alias=&#8220;Slider_app_olivilago_ln&#8220;][/vc_column][/vc_row][vc_row][vc_column][vc_column_text]Wohnlich, gemütlich. Von der wie ein großes Wohnzimmer eingerichteten Loggia genießt man den Ausblick auf den Olivenhain; alle Fenster blicken hingegen auf die Felder und den See. Die großzügig angelegten Räume schaffen eine gemütliche und behagliche Atmosphäre. Dreizimmerwohnung 70 m², im 1. Stock voll ausgestAttete Küche und Livingroom mit Zugang zur Loggia Gang zum&nbsp;</p>
<p><a class="btn btn-style" href="https://www.montecorno.com/de/appartamenti/trilocale-olivi-lago/">Continue Reading&#8230;</a></p>

<!-- This site is optimized with the Yoast SEO plugin v28.3 - https://yoast.com/product/yoast-seo-wordpress/ -->
<title>WOHNUNG OLIVEN und SEE - Azienda Agricola Montecorno Belvedere</title>
<meta name="robots" content="index, follow, max-snippet:-1, max-image-preview:large, max-video-preview:-1" />
<link rel="canonical" href="https://www.montecorno.com/appartamenti/trilocale-olivi-lago/" />
<meta property="og:locale" content="de_DE" />
<meta property="og:type" content="article" />
<meta property="og:title" content="WOHNUNG OLIVEN und SEE - Azienda Agricola Montecorno Belvedere" />
<meta property="og:description" content="[vc_row][vc_column][rev_slider_vc alias=&#8220;Slider_app_olivilago_ln&#8220;][/vc_column][/vc_row][vc_row][vc_column][vc_column_text]Wohnlich, gemütlich. Von der wie ein großes Wohnzimmer eingerichteten Loggia genießt man den Ausblick auf den Olivenhain; alle Fenster blicken hingegen auf die Felder und den See. Die großzügig angelegten Räume schaffen eine gemütliche und behagliche Atmosphäre. Dreizimmerwohnung 70 m², im 1. Stock voll ausgestAttete Küche und Livingroom mit Zugang zur Loggia Gang zum&nbsp;Continue Reading..." />
<meta property="og:url" content="https://www.montecorno.com/appartamenti/trilocale-olivi-lago/" />
<meta property="og:site_name" content="Azienda Agricola Montecorno Belvedere" />
<meta property="article:modified_time" content="2024-03-12T19:03:48+00:00" />
<meta name="twitter:label1" content="Geschätzte Lesezeit" />
	<meta name="twitter:data1" content="1 Minute" />
<script type="application/ld+json" class="yoast-schema-graph">{"@context":"https:\/\/schema.org","@graph":[{"@type":"WebPage","@id":"https:\/\/www.montecorno.com\/appartamenti\/trilocale-olivi-lago\/","url":"https:\/\/www.montecorno.com\/appartamenti\/trilocale-olivi-lago\/","name":"WOHNUNG OLIVEN und SEE - Azienda Agricola Montecorno Belvedere","isPartOf":{"@id":"https:\/\/www.montecorno.com\/#website"},"datePublished":"2015-03-09T22:01:40+00:00","dateModified":"2024-03-12T19:03:48+00:00","breadcrumb":{"@id":"https:\/\/www.montecorno.com\/appartamenti\/trilocale-olivi-lago\/#breadcrumb"},"inLanguage":"de","potentialAction":[{"@type":"ReadAction","target":["https:\/\/www.montecorno.com\/appartamenti\/trilocale-olivi-lago\/"]}]},{"@type":"BreadcrumbList","@id":"https:\/\/www.montecorno.com\/appartamenti\/trilocale-olivi-lago\/#breadcrumb","itemListElement":[{"@type":"ListItem","position":1,"name":"Home","item":"https:\/\/www.montecorno.com\/"},{"@type":"ListItem","position":2,"name":"Appartamenti","item":"https:\/\/www.montecorno.com\/appartamenti\/"},{"@type":"ListItem","position":3,"name":"APPARTAMENTO OLIVI E LAGO"}]},{"@type":"WebSite","@id":"https:\/\/www.montecorno.com\/#website","url":"https:\/\/www.montecorno.com\/","name":"Azienda Agricola Montecorno Belvedere","description":"Appartamenti e prodotti del Garda","publisher":{"@id":"https:\/\/www.montecorno.com\/#organization"},"potentialAction":[{"@type":"SearchAction","target":{"@type":"EntryPoint","urlTemplate":"https:\/\/www.montecorno.com\/?s={search_term_string}"},"query-input":{"@type":"PropertyValueSpecification","valueRequired":true,"valueName":"search_term_string"}}],"inLanguage":"de"},{"@type":"Organization","@id":"https:\/\/www.montecorno.com\/#organization","name":"Azienda Agricola Montecorno Belvedere","url":"https:\/\/www.montecorno.com\/","logo":{"@type":"ImageObject","inLanguage":"de","@id":"https:\/\/www.montecorno.com\/#\/schema\/logo\/image\/","url":"https:\/\/www.montecorno.com\/wp-content\/uploads\/logo.png","contentUrl":"https:\/\/www.montecorno.com\/wp-content\/uploads\/logo.png","width":135,"height":150,"caption":"Azienda Agricola Montecorno Belvedere"},"image":{"@id":"https:\/\/www.montecorno.com\/#\/schema\/logo\/image\/"}}]}</script>
<!-- / Yoast SEO plugin. -->

[vc_row][vc_column][rev_slider_vc alias=&#8220;Slider_app_olivilago_ln&#8220;][/vc_column][/vc_row][vc_row][vc_column][vc_column_text]Wohnlich, gemütlich. Von der wie ein großes Wohnzimmer eingerichteten Loggia genießt man den Ausblick auf den Olivenhain; alle Fenster blicken hingegen auf die Felder und den See. Die großzügig angelegten Räume schaffen eine gemütliche und behagliche Atmosphäre. Dreizimmerwohnung 70 m², im 1. Stock voll ausgestAttete Küche und Livingroom mit Zugang zur Loggia Gang zum&nbsp;Continue Reading...
